= q*a. What is the highest common factor of 14 and a?
14
Let a = 38 + 72. Let t(j) = 2*j + 2. Let q be t(4). What is the highest common divisor of a and q?
10
Let k(i) = -i**2 + 6*i - 4. Let g be k(3). Let x = -400 + 670. Suppose 2*n - 105 = -b, 0*n - 5*n + x = b. Calculate the highest common factor of g and n.
5
Let o(y) = 1. Let k(b) = 1 - 2 + 2*b + 2. Let i(w) = -k(w) - 4*o(w). Let l be i(-4). Calculate the highest common divisor of 9 and l.
3
Let g be -2 - -1 - (0 + -36). Suppose 3 = c - 2. Calculate the highest common divisor of g and c.
5
Let j = 371 - 262. Let o = -30 + 61. Let t = j + o. What is the highest common divisor of 14 and t?
14
Suppose 65 = -4*s + t, 3*s + 12 + 18 = -3*t. Let z = s - -23. Suppose -280 = -5*b - 0*b. Calculate the greatest common factor of b and z.
8
Suppose r - l - 154 = 0, -3*r = -4*r + 2*l + 154. What is the highest common divisor of 14 and r?
14
Let s be (-8)/24 + (-506)/(-6). Let x(l) = -5*l + 5. Let g be x(-4). Suppose -4*f = 2*w - s, 4*f - g = -w + 21. What is the greatest common divisor of w and 19?
19
Let s(v) = -1 + 4 + 1 - 3*v + 4*v. Let m(d) = d**3 - d**2 + d + 2. Let i be m(2). Let n be s(i). What is the greatest common factor of n and 24?
12
Let k(j) = 13*j**3 - 1. Let a be k(1). Let t be 3 + -7 - -3 - 0. Let r be -15*(t - 1/(-5)). Calculate the greatest common divisor of r and a.
12
Let s = 4 - 8. Let c(q) = -q - 1. Let a be c(s). Suppose -3*o = -t + a*t - 118, -4*t + 244 = 4*o. What is the highest common factor of 26 and t?
13
Suppose p = -6*p + 133. What is the greatest common factor of p and 76?
19
Let o = -4 - -7. Suppose -o*g + 59 = 5*r, 2*g = -g + 5*r + 19. Let k = g + 3. What is the greatest common divisor of 32 and k?
16
Let j be (-5)/1*(-153)/85. What is the highest common factor of 63 and j?
9
Suppose -15 - 27 = -2*v. Suppose 3*z + 3*o + 3 = 0, -5*z + 3*z = 3*o - 1. Let b be 4 - (3 + z/2). What is the highest common divisor of v and b?
3
Let r be (2/6 + 4/(-3))*-16. Calculate the highest common factor of r and 8.
8
Suppose -z + 78 + 214 = 4*t, 4*t - 3*z - 276 = 0. Let o be 2/4*-1*20. Let j = -1 - o. What is the highest common divisor of t and j?
9
Let k be 466/4 - 1/2. Let t(x) = 14*x - 10. Let l be t(-5). Let z = k + l. What is the greatest common factor of z and 18?
18
Let o(n) = -n**3 + 9*n**2 - 8*n + 10. Let b be o(8). What is the greatest common factor of 70 and b?
10
Let x = 404 + -283. Calculate the greatest common factor of 11 and x.
11
Let f be (-7 + -3)/(15/(-66)). Let m = 4 - 0. What is the greatest common divisor of m and f?
4
Let c(p) = -4*p - 1. Let l = 0 + -2. Let g be c(l). What is the greatest common factor of g and 35?
7
Let y(k) be the first derivative of 80*k**3/3 + 4. Let w be y(-1). Calculate the greatest common divisor of 16 and w.
16
Let q = 0 - 0. Suppose -n - 4*n + 100 = q. Calculate the highest common factor of 4 and n.
4
Let g(q) = -8*q - 9. Let u be g(-6). Let z = -38 + 51. Calculate the highest common divisor of u and z.
13
Let i(v) be the third derivative of v**4/24 - 2*v**3/3 + 3*v**2. Let t be i(6). Let j be t/1 + -5 + 15. Calculate the highest common factor of j and 2.
2
Suppose -j - 6 = -2*j. Calculate the highest common factor of 6 and j.
6
Suppose l + l = 0. Let x(v) = 2*v + 24. Let n be x(l). What is the greatest common factor of n and 12?
12
Let x(q) = -21*q - 7. Let g(r) = 43*r + 15. Let p(h) = -4*g(h) - 9*x(h). Let i be p(6). Calculate the greatest common divisor of 21 and i.
21
Let m(j) = -2*j**2 - 3*j + 3. Let q be m(-3). Let g be ((-4)/q)/(1/(-3)). Let n be (-243)/(-18)*g/(-3). Calculate the greatest common factor of n and 27.
9
Suppose q = 2*h - 114, 3*h - 63 = 2*h + 2*q. Calculate the greatest common divisor of 5 and h.
5
Suppose -5*l + 3*q = -72, -q + 3*q = -2*l + 16. Calculate the highest common factor of 4 and l.
4
Suppose -14*s + 12*s = -90. What is the greatest common factor of s and 5?
5
Let p = -4 - -34. Calculate the greatest common factor of 75 and p.
15
Suppose -3*l = -68 - 484. What is the highest common divisor of l and 23?
23
Let w = -4 + 19. What is the highest common factor of 75 and w?
15
Suppose 4*p = 2*p + 60. What is the greatest common divisor of 6 and p?
6
Suppose -5*s = -2*s - 18. Calculate the greatest common factor of 2 and s.
2
Let x = 10 + -18. Let s(k) = -k**2 - 8*k + 8. Let i be s(x). What is the highest common divisor of 12 and i?
4
Let p be (6/(-5))/((-12)/40). Suppose -u + 150 = 5*y + u, 4*u = -p*y + 108. Let r be 4 + -6 + -1 + 11. What is the greatest common divisor of y and r?
8
Let s be -2 + (-3)/3*-26. Suppose 5*d - 36 = -4*h - 0*h, 2*h = -5*d + 38. What is the greatest common divisor of d and s?
8
Suppose 6*o = 72 - 0. Calculate the greatest common divisor of o and 18.
6
Let w(h) = -h**3 - 4*h**2 - 4*h - 4. Let r be w(-4). Let y = 8 - 4. What is the highest common divisor of r and y?
4
Suppose 3*w - 5 = 1. Suppose 2*s + w + 0 = 0. Let x be 3/(-6)*-14 + s. What is the highest common divisor of 3 and x?
3
Suppose 3*x + 27 = 87. Suppose 10 + x = 5*i. What is the highest common factor of 48 and i?
6
Suppose -o + 0*o = -4. What is the greatest common divisor of o and 4?
4
Suppose -51 = -6*b - 9. Calculate the greatest common factor of b and 7.
7
Let r = 6 - -36. Let z = r - 3. Let d = z + -27. Calculate the highest common factor of d and 4.
4
Let k be 3*8/3 + 0. Suppose -72 - 104 = -2*q. What is the highest common factor of k and q?
8
Suppose o = 2*o - 80. Let l = o + -40. Suppose 0 = w + 4, 4*p - l = -5*w. What is the highest common divisor of 75 and p?
15
Let q be (2 + -1)/((-4)/24). Let t be (-4)/q + (-52)/(-3). What is the highest common factor of t and 6?
6
Let d(y) = -45*y + 10. Let n be d(-7). What is the greatest common factor of 13 and n?
13
Let i be (-1)/(-2 - -3) + 50. Suppose 0 = -5*p + 9 + 6. Suppose 23 = 5*o - p*m, 5*o + 2*m + 0*m - 43 = 0. What is the highest common factor of o and i?
7
Let t be 0/((-4)/2 + 1). Suppose 2*u = -t*u. Suppose u = -z - 2*z + 15. What is the greatest common divisor of 25 and z?
5
Let r = 25 - 12. Suppose 3*s = 6 - 114. Let j = 62 + s. Calculate the greatest common factor of j and r.
13
Let i be (-2 + 30)/4 + 0. Calculate the highest common divisor of 7 and i.
7
Let n(k) = -k**2 - 7*k + 5. Let a be n(-6). Let z(s) = -s**3 + 9*s**2 - 7*s - 5. Let o be z(7). Calculate the greatest common factor of a and o.
11
Let i(v) be the third derivative of v**5/60 - 3*v**4/8 + 11*v**3/6 - 28*v**2. Let q = -13 + 23. Let p be i(q). What is the greatest common divisor of 168 and p?
21
Let h be 28 + 2*(2 - 3). Let u be h/(-7) + (-4)/14. Let d(z) = -z**2 - 7*z - 2. Let x be d(u). Calculate the greatest common factor of x and 20.
10
Suppose n - 24 = -n. Suppose -4*k - 2*q - 706 = -4*q, k + 4*q + 190 = 0. Let z be k/(-3) + (-8)/(-12). Calculate the highest common factor of n and z.
12
Let q = 9 + -8. Suppose 3*y - q + 10 = 0, -3*k + 390 = 2*y. Suppose o - k = -o. What is the highest common divisor of 6 and o?
6
Let t(p) = -p + 6. Let v be t(2). Let w be 18 - v*(-3)/(-6). Calculate the highest common factor of w and 40.
8
Suppose 0*o = -4*o + 12. Let l(n) = 2*n + 2. Let c be l(-4). Let s be c/21 - (-340)/14. What is the highest common divisor of s and o?
3
Suppose 0 = 6*v + v - 462. What is the greatest common factor of v and 22?
22
Let g = -1 - 3. Let r(p) = -4*p**2 - 6*p. Let u be r(g). Let h be ((-6)/(-4))/((-15)/u). Calculate the highest common divisor of 36 and h.
4
Let w be 6 + (0/3)/(-1). Suppose 113 = 5*k - 157. Suppose -3*h = -2*b + k, -4*b - h + 94 = -0*h. Calculate the highest common divisor of b and w.
6
Let b be 4/(-2) + (-8)/(-2). Suppose -b*g + 24 = -g. What is the highest common divisor of g and 216?
24
Let j be 1/((-14)/(-24)) + 8/28. Calculate the highest common factor of 10 and j.
2
Suppose 6*y + 756 = 13*y. What is the highest common divisor of 36 and y?
36
Suppose 5*c = 3*c + 616. What is the highest common factor of 28 and c?
28
Let g be 90/4 - (-2)/4. Suppose -4*p = 5 + g. Let b be 4/p*21/(-6). What is the highest common factor of 22 and b?
2
Let m(y) = -1 + 5 + y - 5. Let a be m(4). Suppose -4*w = -29 - 7. What is the highest common factor of w and a?
3
Let p be (-3)/1 - (3 + -116). Calculate the highest common factor of 10 and p.
10
Suppose 32 + 48 = 4*b. What i